 is the hundreds digit of n?
3
Suppose -2*l + 5*c = -4, l = -2*l + 5*c + 16. Suppose 6 = 3*n - l. What is the units digit of n?
6
Suppose 4*b = 4, 5*t - 5*b = -b + 21. Let w be (-1)/(((-8)/(-6))/4). Let m = t + w. What is the units digit of m?
2
Let z(f) = f**2 + f - 5. Let n be z(-4). Suppose -s + 5 = -q - n, 4*s = 2*q + 58. What is the tens digit of s?
1
Suppose 2*n - 3*k + 27 = 0, 29 = -2*n - 2*k + 3*k. Let u = n + 17. What is the units digit of u?
2
Let g(i) be the second derivative of -i**3/3 - 3*i**2 + 4*i. What is the units digit of g(-14)?
2
Let z(m) = m**2 - 3*m - 2. Let u be (-2)/11 + (-57)/(-11). Let p be z(u). Suppose 0 = 3*o - 12, p = -s + 4*o - 0. What is the units digit of s?
8
Let v(t) = t**2 + t + 4. Let w be v(0). Suppose -3*u - a = -7, 4*u + w*a + 2 = 6. Let y = u + 1. What is the units digit of y?
4
Let w = 0 - 1. Let f be 8/12*3/w. Let r = f - -3. What is the units digit of r?
1
Suppose 12 + 13 = 5*c + 3*v, -v + 25 = 5*c. Suppose 26 = c*x - 4*f, -x = 5*f + 5 + 13. What is the units digit of (-1 - 0) + 0 + x?
1
Let h = -4 - 11. What is the units digit of ((-10)/h)/((-4)/(-90))?
5
What is the units digit of (-1112)/(-32) + 1/4?
5
Let f be -1*23/(3 + -4). Suppose -45 - f = -4*t. What is the tens digit of t?
1
Let i = -28 - -46. What is the tens digit of i?
1
What is the units digit of (-3 + 5)/(2/3)?
3
Suppose -4*m - 4*p = -1160, 3*m + 2*m - 3*p - 1474 = 0. What is the units digit of m?
3
Let u(o) be the third derivative of o**4/24 + 7*o**3/3 - 4*o**2. What is the units digit of u(-8)?
6
Let o(j) = 2*j**2 - 5*j + 7. What is the hundreds digit of o(-6)?
1
Suppose 3*k - 3*r = 81, 4*r = -k - 0*k + 47. Suppose 3*f + 2*n = k + 34, 0 = n + 5. What is the units digit of f?
5
Suppose j - 2*t = -2, 3 + 2 = 3*j + 5*t. Let r = -3 + j. Let x = r + 7. What is the units digit of x?
4
Let c(y) = -3*y**3 - 5*y**2 + 13*y + 3. What is the units digit of c(-5)?
8
Let n = 6 + 1. Suppose n*c = 2*c. Suppose 2*y - 12 = -c*y. What is the units digit of y?
6
Let x(h) = h + 1. Let d(s) = s**2 + s. Let w be d(-1). What is the units digit of x(w)?
1
What is the units digit of (1/1)/(5/125)?
5
Let d = -136 - -205. What is the units digit of d?
9
Let x(k) = 2*k**2 - 3*k + 2. What is the units digit of x(0)?
2
Let i(o) = 5*o**2 + 7 + 115*o**3 - 116*o**3 + o**2 - o. Suppose -b = -d + 15 - 7, d = -3*b. What is the units digit of i(d)?
1
Let t(b) = 0*b - b + 4*b**2 + 1 + 15*b**3 - 3*b**2. Suppose -2*a + 2*n = 4*n, n + 2 = a. What is the units digit of t(a)?
6
Let r = 35 - 15. Suppose 3*s - 7*s + r = 0. What is the units digit of s?
5
Suppose 0 = 4*l - h - 38, 0 = -3*l - 6*h + 3*h + 36. Suppose p - l = 1. What is the tens digit of p?
1
Let u(b) = -8*b - 1 - 3*b - 6*b. Let f(n) = -n**2 - 10*n - 1. Let o be f(-10). What is the units digit of u(o)?
6
Let g = -2 - -93. What is the tens digit of g?
9
Let v be 36 + -4 + 0/(-2). Suppose 2*s = -8 + v. What is the units digit of s?
2
Let z(q) = 8*q**2 + 21*q + 12. Let v(x) = -4*x**2 - 11*x - 6. Let m(y) = -5*v(y) - 2*z(y). What is the tens digit of m(-5)?
4
What is the units digit of (2 - (-18)/(-3))/((-3)/39)?
2
Suppose -453 = -18*x + 15*x. What is the tens digit of x?
5
Let h(g) = 42*g + 1. What is the units digit of h(2)?
5
Let v(c) = 2*c**3 - 12*c**2 - 11*c - 4. What is the tens digit of v(8)?
6
Let y be 2 + (-2 - (-4)/2). Suppose -4 = -y*v, -7*v = r - 4*v - 12. Suppose 3*x - r = -0*x. What is the units digit of x?
2
Suppose -3*v + 3*g + 78 = 0, g - 30 = -5*v + 4*v. What is the units digit of v?
8
Suppose 0*w = -w + 2. Let j(u) = 4*u - w - u + u**2 - 4*u. What is the tens digit of j(4)?
1
Let d(s) be the third derivative of s**4/8 + s**3 - 3*s**2. Let m be d(-5). Let w = -4 - m. What is the units digit of w?
5
Let x = 4 + -1. Let l = x - -5. What is the units digit of l?
8
What is the units digit of (-297)/(-8) + 6/(-48)?
7
Let r(a) = -5*a**2 - 2*a - 1. Let d be r(-1). Let g(o) = o**3 + 5*o**2 + 3*o + 5. What is the units digit of g(d)?
9
Suppose 0 = -2*h - 3*b + 2 + 45, -4*h + b + 87 = 0. Let u = 7 + 4. Let n = h - u. What is the units digit of n?
1
Let i = 10 - -5. What is the tens digit of i?
1
Let g(k) = -k**3 + 10*k**2 + 3*k - 16. What is the tens digit of g(7)?
5
Let s(x) = 3. Let n(c) = c - 6. Let r(h) = -3*n(h) - 7*s(h). Suppose 4*q = -0*q - 28. What is the tens digit of r(q)?
1
What is the tens digit of (140/2)/((8/(-3))/(-4))?
0
What is the tens digit of (-2 - 0) + -2 + 175?
7
Suppose -3*g + v + 12 + 17 = 0, 0 = 4*g + 2*v - 22. Let a be -2*(6/4 - 0). Let j = g + a. What is the units digit of j?
5
Let t be 32/3 - (-2)/6. Let a(q) = -q**3 + 10*q**2 + 10*q + 15. Let s be a(t). Suppose 2*b = n + 26, s*n = -n. What is the tens digit of b?
1
Suppose -9*x - 2*x + 3795 = 0. What is the units digit of x?
5
Let z(i) = i**2 - i + 25. What is the tens digit of z(6)?
5
Let t = 3 + -1. Let n(f) = f**3 - 6*f**2 + 4*f - 5. Let v be n(4). What is the tens digit of (182/v)/(t/(-3))?
1
Let y(c) be the third derivative of -c**5/60 + 7*c**4/12 - c**3 + c**2. What is the units digit of y(11)?
7
Let x = 173 - 65. What is the hundreds digit of x?
1
Suppose -9 = -v + 16. What is the tens digit of v?
2
Let x(j) = -j - 3*j - 6 - 2*j + 4*j. What is the units digit of x(-6)?
6
Let z(a) = a**2 + 7*a + 4. Let l(i) = -5*i + 5. Let s be l(5). Let q be s/6*(-12)/(-5). What is the tens digit of z(q)?
1
Let o = 145 + -11. What is the tens digit of o?
3
Let c(l) = 6*l**2 + 3*l + 1. What is the tens digit of c(-2)?
1
Let f = 127 + -47. What is the units digit of f?
0
What is the tens digit of (-1)/(((-4)/132)/((-3)/(-3)))?
3
Let h(v) = -2*v. Let r be h(0). Let z = 7 - 3. Suppose r = z*c + 5*n - 17, -3*c + n + 26 + 1 = 0. What is the units digit of c?
8
Let k = 4 - 2. Let z(o) = -1 - 1 - o + 7*o**2 - k + o**3. What is the units digit of z(-7)?
3
Suppose 1 = 4*h + 169. Let f = h + 69. What is the units digit of f?
7
Suppose -4*x = -5*c - 33, -5*c - 17 - 6 = x. Suppose -3*h = x*h. What is the units digit of 2*((-1 - -3) + h)?
4
What is the tens digit of 4*1*(-5)/10 + 83?
8
Suppose 0 = -19*l - 617 + 3258. What is the tens digit of l?
3
Suppose 4*m + 55 = -m + 2*i, -5*m + 3*i = 50. Let p = m - -20. What is the units digit of p?
7
Suppose -a + 3 + 61 = 0. Suppose -o - 3*o = -a. What is the tens digit of o?
1
Let w(l) = -l**3 + 4*l**2 - 3*l + 5. Let b be w(4). Let c = b + 25. What is the units digit of c?
8
Let h = -150 + 196. What is the tens digit of h?
4
Suppose 4*b - 218 = 2*b. What is the tens digit of b?
0
Let i(r) = r**3 + 479. Let b be i(0). What is the tens digit of b/13 - (-2)/13?
3
Let c be (0 + -1 - -2) + 3. Suppose j = -0*j + c. Suppose 0 = -3*w + 3*r, -5*w - j = -2*w - 5*r. What is the units digit of w?
2
Let x(c) = 3*c**2 + 11*c - 1. What is the tens digit of x(-6)?
4
Let w(l) = l**2 - 6*l + 2. Let g be w(6). Suppose -3*q + g*q = -5*r - 1, -2*q + 3*r + 2 = 0. What is the units digit of q?
1
Suppose -w + 51 + 191 = -5*t, w - 4*t - 247 = 0. What is the units digit of w?
7
Let h(f) = -9*f**3 + f**2 - 1. Let b be h(-1). Suppose -5*g + 6 = -3*i, -i + 0 + b = 2*g. What is the units digit of i?
3
Let j be -2 - ((-3 - 1) + 0). Suppose 2*a + 0*a = 0. Suppose 3*u + j*u - 10 = a. What is the units digit of u?
2
What is the units digit of (-5)/(-20) - (-206)/8?
6
Let m = -4 - 1. Let c(l) be the third derivative of l**5/60 + l**4/6 - l**3/6 + 2*l**2. What is the units digit of c(m)?
4
Let m(n) = 2*n - 1. What is the units digit of m(1)?
1
Suppose -5 = -r + 2. What is the units digit of r?
7
Let u = -2 - -4. Suppose 3*g - 2*w + 11 = 0, -u = -g - 0*w - 5*w. Let z = 10 + g. What is the units digit of z?
7
Let h = 251 - 176. Suppose 2*g = -3*g + h. Let m = g + -8. What is the units digit of m?
7
Let y = -19 - -9. Let f be (-2)/y - 54/(-5). Suppose -o - 13 = -4*s, o - f = s - 4*o. What is the units digit of s?
4
What is the tens digit of 40248/169 + 6/(-39)?
3
Let y(x) = -x + x - 5 + x + 4*x. Let g be y(4). Suppose -4*f = -3*f - g. What is the units digit of f?
5
Let j = 6 + -4. Let w be j + (0 - (1 - 2)). Suppose -4*k = -w*k - 5. What is the units digit of k?
5
What is the units digit of 5 + 93 - (3 + -4 - 0)?
9
Let u(d) = -d**3 + 3*d**2 - d. Let m be u(2). Suppose 5*r - m = 8. Suppose -r*g + 27 = -5. What is the units digit of g?
6
What is the t